{"id":82,"date":"2023-10-19T20:47:18","date_gmt":"2023-10-19T18:47:18","guid":{"rendered":"http:\/\/shiatsupanama.com\/?page_id=82"},"modified":"2025-10-10T22:53:33","modified_gmt":"2025-10-10T20:53:33","slug":"inicio-main","status":"publish","type":"page","link":"https:\/\/shiatsupanama.com\/","title":{"rendered":"INICIO"},"content":{"rendered":"\n<figure class=\"wp-block-image aligncenter is-resized\"><a href=\"https:\/\/web.archive.org\/web\/20211203091411\/http:\/\/shiatsupanama.com\/es\/http:\/\/shiatsupanama.com\/es\/wp-content\/uploads\/2011\/08\/PARA-WEB.jpg\"><img decoding=\"async\" src=\"https:\/\/web.archive.org\/web\/20211203091411im_\/http:\/\/shiatsupanama.com\/es\/http:\/\/shiatsupanama.com\/es\/wp-content\/uploads\/2011\/08\/PARA-WEB.jpg\" alt=\"\" class=\"wp-image-2507\" style=\"width:962px;height:auto\" title=\"PARA WEB\"\/><\/a><\/figure>\n\n\n\n<figure class=\"wp-block-image alignleft\"><a href=\"https:\/\/web.archive.org\/web\/20211203091411\/http:\/\/shiatsupanama.com\/es\/http:\/\/shiatsupanama.com\/es\/wp-content\/uploads\/2011\/08\/LOGO-SAMYA-SHIATSU-Panama1.jpg\"><img decoding=\"async\" src=\"https:\/\/web.archive.org\/web\/20211203091411im_\/http:\/\/shiatsupanama.com\/es\/http:\/\/shiatsupanama.com\/es\/wp-content\/uploads\/2011\/08\/LOGO-SAMYA-SHIATSU-Panama1-150x150.jpg\" alt=\"\" class=\"wp-image-2089\" title=\"LOGO SAMYA -SHIATSU Panama\"\/><\/a><\/figure>\n\n\n\n<figure class=\"wp-block-image alignleft\"><a href=\"https:\/\/web.archive.org\/web\/20211203091411\/http:\/\/shiatsupanama.com\/es\/http:\/\/shiatsupanama.com\/es\/wp-content\/uploads\/2011\/08\/936263_606522246025064_1424230058_n3.jpg\"><img decoding=\"async\" src=\"https:\/\/web.archive.org\/web\/20211203091411im_\/http:\/\/shiatsupanama.com\/es\/http:\/\/shiatsupanama.com\/es\/wp-content\/uploads\/2011\/08\/936263_606522246025064_1424230058_n3-300x225.jpg\" alt=\"\" class=\"wp-image-2538\" title=\"936263_606522246025064_1424230058_n\"\/><\/a><\/figure>\n\n\n\n<figure class=\"wp-block-image alignleft\"><a href=\"https:\/\/web.archive.org\/web\/20211203091411\/http:\/\/shiatsupanama.com\/es\/http:\/\/shiatsupanama.com\/es\/wp-content\/uploads\/2011\/08\/grupo-anual-2018.jpg\"><img decoding=\"async\" src=\"https:\/\/web.archive.org\/web\/20211203091411im_\/http:\/\/shiatsupanama.com\/es\/http:\/\/shiatsupanama.com\/es\/wp-content\/uploads\/2011\/08\/grupo-anual-2018-300x195.jpg\" alt=\"\" class=\"wp-image-3919\" title=\"grupo anual 2018\"\/><\/a><\/figure>\n\n\n\n<figure class=\"wp-block-image alignleft\"><a href=\"https:\/\/web.archive.org\/web\/20211203091411\/http:\/\/shiatsupanama.com\/es\/http:\/\/shiatsupanama.com\/es\/wp-content\/uploads\/2011\/08\/GRUPO-GRADUACION.jpg\"><img decoding=\"async\" src=\"https:\/\/web.archive.org\/web\/20211203091411im_\/http:\/\/shiatsupanama.com\/es\/http:\/\/shiatsupanama.com\/es\/wp-content\/uploads\/2011\/08\/GRUPO-GRADUACION-300x204.jpg\" alt=\"\" class=\"wp-image-4165\" title=\"GRUPO GRADUACION\"\/><\/a><\/figure>\n\n\n\n<figure class=\"wp-block-image aligncenter is-resized\"><a href=\"https:\/\/web.archive.org\/web\/20211203091411\/http:\/\/shiatsupanama.com\/es\/http:\/\/shiatsupanama.com\/es\/wp-content\/uploads\/2011\/08\/grupo-tarde-15-n.jpg\"><img decoding=\"async\" src=\"https:\/\/web.archive.org\/web\/20211203091411im_\/http:\/\/shiatsupanama.com\/es\/http:\/\/shiatsupanama.com\/es\/wp-content\/uploads\/2011\/08\/grupo-tarde-15-n.jpg\" alt=\"\" class=\"wp-image-3572\" style=\"width:517px;height:auto\" title=\"grupo tarde 15 n\"\/><\/a><\/figure>\n\n\n\n<p><strong>1er&nbsp;SEMINARIO INTERNACIONAL DE SHIATSU CIUDAD DE PANAM\u00c1. 15 DE NOVIEMBRE DE 2017. GRACIAS A TODOS LOS ASISTENTES Y AL MAESTRO SHIGERU ONODA POR SU PARTICIPACION E INTERESANTE ENSE\u00d1ANZA.<\/strong><\/p>\n\n\n\n<figure class=\"wp-block-image aligncenter is-resized\"><a href=\"https:\/\/web.archive.org\/web\/20211203091411\/http:\/\/shiatsupanama.com\/es\/http:\/\/shiatsupanama.com\/es\/wp-content\/uploads\/2011\/08\/grupo-westin.jpg\"><img decoding=\"async\" src=\"https:\/\/web.archive.org\/web\/20211203091411im_\/http:\/\/shiatsupanama.com\/es\/http:\/\/shiatsupanama.com\/es\/wp-content\/uploads\/2011\/08\/grupo-westin.jpg\" alt=\"\" class=\"wp-image-3162\" style=\"width:960px;height:auto\" title=\"grupo westin\"\/><\/a><\/figure>\n\n\n\n<figure class=\"wp-block-image alignleft is-resized\"><a href=\"https:\/\/web.archive.org\/web\/20211203091411\/http:\/\/shiatsupanama.com\/es\/http:\/\/shiatsupanama.com\/es\/wp-content\/uploads\/2011\/08\/CON-EJS-PANAMA-recc.jpg\"><img decoding=\"async\" src=\"https:\/\/web.archive.org\/web\/20211203091411im_\/http:\/\/shiatsupanama.com\/es\/http:\/\/shiatsupanama.com\/es\/wp-content\/uploads\/2011\/08\/CON-EJS-PANAMA-recc-243x300.jpg\" alt=\"\" class=\"wp-image-1963\" style=\"width:243px;height:auto\" title=\"CON EJS PANAMA recc\"\/><\/a><\/figure>\n\n\n\n<h2 class=\"wp-block-heading\"><\/h2>\n\n\n\n<h2 class=\"wp-block-heading\"><em>SHIATSU EN PANAM\u00c1 POR LICENCIADOS EN&nbsp;EUROPA&nbsp; &nbsp; &nbsp; <\/em><strong>                                                                                       <\/strong><\/h2>\n\n\n\n<h2 class=\"wp-block-heading\"><strong>Terapia \u2013 Masaje Shiatsu en Chame\/Coronado y Panam\u00e1 \u2013 Tnos.: Pablo: 6559 1479 \u2013 Antonia: 6532 7319 &nbsp;&#8211; &nbsp;<\/strong>E<em>n Ciudad de Panam\u00e1 en los Centros de Terapias Orientales (San Francisco , Ciudad del Saber y Paitilla)<\/em>.&nbsp;&nbsp; Previa-cita. Celulares: 65591479&nbsp;\/&nbsp;6532 7319&nbsp;<\/h2>\n\n\n\n<h2 class=\"wp-block-heading\">*M\u00e1s informaci\u00f3n ver en esta siguiente p\u00e1gina:  <a href=\"https:\/\/shiatsupanama.com\/?page_id=66\">Terapia Shiatsu | ShiatsuPanama<\/a> .         <\/h2>\n\n\n\n<h2 class=\"wp-block-heading\">\u00danicos en Panam\u00e1 que practicamos y ense\u00f1amos el Shiatsu Tradicional original de Jap\u00f3n, creaci\u00f3n del Maestro Tokujiro Namikoshi. Representamos la misma ense\u00f1anza que la de la Escuela Japonesa de Shiatsu del Maestro Shigeru Onoda,en Espa\u00f1a, representante del Japan Shiatsu College de Tokyo en Europa.<\/h2>\n\n\n\n<h2 class=\"wp-block-heading\"><em>Nuestras salas para tratamiento o masaje Shiatsu disponen de camillas especificas para el trabajo correcto con masaje Shiatsu, con una altura diferente a todas las dem\u00e0s que se usan para otras terapias o masajes.<\/em><\/h2>\n\n\n\n<h2 class=\"wp-block-heading\"><strong>Cursos \u2013 Talleres bimensuales\u00a0de Shiatsu en Panam\u00e1: Pr\u00f3ximos cursos de\u00a0Iniciaci\u00f3n al Shiatsu\/masaje,\u00a0el DOMINGO 23 DE NOVIEMBRE, en CHAME, Panam\u00e0 Oeste. Ver detalles en esta Web en la p\u00e1gina: <\/strong><a href=\"https:\/\/shiatsupanama.com\/?page_id=89\">Curso inicial | ShiatsuPanama<\/a><\/h2>\n\n\n\n<h2 class=\"wp-block-heading\"><strong>CURSO ANUAL INTENSIVO&nbsp;(\u00fanica ense\u00f1anza en Panam\u00e1 del Shiatsu Namikoshi Original de Jap\u00f3n) Comenzar\u00e1 en OCTUBRE de 2025 hasta JULIO DE 2026. Duraci\u00f3n 9 clases en Domingos durante 10 meses. Lugar: Chame\/Coronado.&nbsp; &nbsp;Ver mas datos en esta Web en: <\/strong><a href=\"https:\/\/shiatsupanama.com\/?page_id=93\">Curso anual | ShiatsuPanama<\/a><\/h2>\n\n\n\n<h2 class=\"wp-block-heading\"><strong>3er Seminario Internacional de Shiatsu con el Maestro japon\u00e9s Shigeru Onoda: Est\u00e1 en tr\u00e0mites en Ciudad de Panam\u00e1 optativamente para mediados de 2026. M\u00e1s informaci\u00f3n desde febrero de 2026.<\/strong><\/h2>\n\n\n\n<figure class=\"wp-block-image aligncenter\"><a href=\"https:\/\/web.archive.org\/web\/20211203091411\/http:\/\/shiatsupanama.com\/es\/http:\/\/shiatsupanama.com\/es\/wp-content\/uploads\/2011\/08\/GRUPO-TARDE.jpg\"><img decoding=\"async\" src=\"https:\/\/web.archive.org\/web\/20211203091411im_\/http:\/\/shiatsupanama.com\/es\/http:\/\/shiatsupanama.com\/es\/wp-content\/uploads\/2011\/08\/GRUPO-TARDE.jpg\" alt=\"\" class=\"wp-image-3913\" title=\"GRUPO TARDE\"\/><\/a><\/figure>\n\n\n\n<h2 class=\"wp-block-heading\">2\u00ba&nbsp;SEMINARIO INTERNACIONAL DE SHIATSU CIUDAD DE PANAM\u00c1. 14 DE NOVIEMBRE DE 2018. GRACIAS A TODOS LOS ASISTENTES Y A NUESTRO MAESTRO SHIGERU ONODA POR SU PARTICIPACION E INTERESANTE ENSE\u00d1ANZA.<\/h2>\n\n\n\n<p><a href=\"https:\/\/web.archive.org\/web\/20211203091411\/http:\/\/shiatsupanama.com\/es\/http:\/\/shiatsupanama.com\/es\/wp-content\/uploads\/2011\/08\/grupo-ma%C3%B1ana.jpg\"><\/a><\/p>\n\n\n\n<h3 class=\"wp-block-heading\">&nbsp;&nbsp; Nuestra pertenencia internacional verla en: http:\/\/www.namikoshishiatsueuropa.net\/es\/socios\/panama<\/h3>\n\n\n\n<h2 class=\"wp-block-heading\"><em>El SHIATSU, como terapia preventiva y paliativa, &nbsp;es de gran ayuda en multitud<br>de procesos pre-enfermedad o con dolor, y adem\u00e1s relaja profundamente y da<br>vitalidad, aumentando las defensas del organismo. El Shiatsu es tambi\u00e9n de<br>gran ayuda en la toma de conciencia sobre el estado y las necesidades de nuestro<br>propio cuerpo. Es un buen \u201cpreventivo\u201d de aviso antes de la enfermedad y un buen<br>\u201ccorrector\u201d o \u201caliviador\u201d de los deterioros de nuestro ser y cuerpo f\u00edsico.<br>Legalizado y regulado en Jap\u00f3n como una Terapia, por el Ministerio de Salud, es<br>conocido cada vez m\u00e1s en todo el mundo, y practicado desde el nivel familiar<br>hasta el terap\u00e9utico por miles de personas. Atendemos personalmente tambi\u00e9n a<br>cualquier duda o consulta por tel\u00e9fono o e-mail. Nos desplazamos as\u00ed mismo a<br>otros lugares del pa\u00eds y del entorno continental para la difusi\u00f3n y ense\u00f1anza<br>del Shiatsu. Colaboramos igualmente en actividades sociales o de atenci\u00f3n a<br>colectivos que lo demanden o necesiten. En los distintos apartados de esta<br>Web est\u00e1n especificadas las opciones y explicaciones para entender inicialmente<br>el origen y funcionamiento de esta t\u00e9cnica, adem\u00e1s de la oferta de cursos y<br>sesiones de Shiatsu que ofrecemos.<\/em><\/h2>\n\n\n\n<h3 class=\"wp-block-heading\"><em>&nbsp;<\/em><em>En el Congreso Internacional de Madrid-2012 con los Maestros de Jap\u00f3n,&nbsp;Am\u00e9rica y Europa, adem\u00e1s de el hijo y el nieto de Tokujiro Namikoshi Sensei, creador del Shiatsu.&nbsp;<\/em><em>En este evento del 28 y 29 de Abril de 2012 se presento a la Escuela Japonesa de Shiatsu de Panam\u00e1 a nivel internacional, siendo apoyada en ello por todas las Escuelas y Asociaciones de Jap\u00f3n, Am\u00e9rica y Europa que asistieron al Congreso.&nbsp;<\/em><em>Desde aqu\u00ed agradecemos el apoyo material y moral recibido que servir\u00e1 de mayor impulso todav\u00eda al desarrollo y difusi\u00f3n del Shiatsu en Panam\u00e1.<\/em><\/h3>\n\n\n\n<h2 class=\"wp-block-heading\"><em>Como Escuela Japonesa de Shiatsu- Panam\u00e1 comenzamos en 2010 a impartir y ense\u00f1ar Shiatsu en Panam\u00e0, en base a la experiencia profesional que tuvimos en Espa\u00f1a y Europa, desde 1993. Este servicio y escuela se ubican en el Coraz\u00f3n de Am\u00e9rica: Panam\u00e1. Este pa\u00eds une norte y sur, desde el centro del continente, y se orienta de este a oeste abrazando dos oc\u00e9anos entre sus tierras. La E.J.S.-Panam\u00e1 es tambi\u00e8n un lugar de convergencia, de aprendizaje, y de encuentro. En continuidad y evoluci\u00f3n del origen del creador del SHIATSU Tokujiro Namikoshi, estamos transmitiendo su esencia y su ciencia, la cual&nbsp;a su vez nos fue ense\u00f1ada en Espa\u00f1a por Shigeru Onoda Sensei, disc\u00edpulo directo del creador de esta t\u00e9cnica.&nbsp;&nbsp;&nbsp;&nbsp;&nbsp;<\/em><\/h2>\n\n\n\n<h2 class=\"wp-block-heading\"><em>Realizamos cursos y terapia Shiatsu en nuestra sede de Chame\/Coronado y en los Centros de Terapias Orientales de Santa Elena, Clayton y Paitilla en Ciudad de Panam\u00e1.<\/em><\/h2>\n\n\n\n<figure class=\"wp-block-image aligncenter\"><a href=\"https:\/\/web.archive.org\/web\/20211203091411\/http:\/\/shiatsupanama.com\/es\/http:\/\/shiatsupanama.com\/es\/wp-content\/uploads\/2011\/08\/GRUPO-ALUMNOS-SOLOS.jpg\"><img decoding=\"async\" src=\"https:\/\/web.archive.org\/web\/20211203091411im_\/http:\/\/shiatsupanama.com\/es\/http:\/\/shiatsupanama.com\/es\/wp-content\/uploads\/2011\/08\/GRUPO-ALUMNOS-SOLOS.jpg\" alt=\"\" class=\"wp-image-2601\" title=\"GRUPO ALUMNOS SOLOS\"\/><\/a><\/figure>\n\n\n\n<h2 class=\"wp-block-heading\"><em><br>El Shiatsu crece y se extiende por todo Am\u00e9rica como un servicio a la salud y a la humanidad.&nbsp;<\/em><\/h2>\n\n\n\n<h2 class=\"wp-block-heading\">\u201cShiatsu es como el amor maternal, la presi\u00f3n sobre el cuerpo estimula la fuente de la vida\u201d&nbsp; &nbsp; &nbsp; &nbsp; &nbsp; &nbsp; &nbsp; &nbsp; &nbsp; &nbsp; &nbsp; &nbsp; &nbsp; &nbsp; &nbsp; &nbsp; &nbsp; &nbsp; &nbsp; &nbsp; &nbsp; &nbsp; &nbsp; &nbsp; &nbsp; &nbsp; &nbsp; &nbsp; &nbsp; &nbsp; &nbsp; &nbsp; &nbsp; &nbsp; &nbsp; &nbsp; &nbsp; &nbsp; &nbsp; &nbsp; &nbsp; &nbsp; &nbsp; &nbsp; &nbsp; &nbsp; &nbsp; &nbsp; &nbsp; &nbsp; &nbsp; &nbsp; &nbsp; &nbsp; &nbsp; &nbsp; &nbsp; &nbsp; &nbsp; &nbsp; &nbsp; &nbsp; &nbsp; &nbsp; &nbsp; &nbsp; &nbsp; &nbsp; &nbsp; &nbsp; &nbsp; &nbsp; &nbsp; &nbsp; &nbsp; &nbsp; &nbsp; &nbsp; &nbsp; &nbsp; &nbsp; &nbsp; &nbsp; &nbsp; &nbsp; &nbsp; &nbsp; &nbsp; &nbsp; &nbsp; &nbsp; &nbsp; &nbsp; &nbsp; &nbsp; &nbsp; &nbsp;Tokujiro Namikoshi<\/h2>\n\n\n\n<h2 class=\"wp-block-heading\">1er Congreso Internacional de Shiatsu en M\u00e9xico: la Escuela Japonesa de Shiatsu de Panam\u00e1, a trav\u00e9s de Pablo L\u00f3pez,&nbsp;particip\u00f3 con una exposici\u00f3n sobre Shiatsu para Fertilidad y Sexualidad del 24 al 26 de Enero de 2013 en Mexico D.F. &nbsp;<\/h2>\n\n\n\n<figure class=\"wp-block-image aligncenter\"><a href=\"https:\/\/web.archive.org\/web\/20211203091411\/http:\/\/shiatsupanama.com\/es\/http:\/\/shiatsupanama.com\/es\/wp-content\/uploads\/2011\/08\/foto-complet-mex-2013.jpg\"><img decoding=\"async\" src=\"https:\/\/web.archive.org\/web\/20211203091411im_\/http:\/\/shiatsupanama.com\/es\/http:\/\/shiatsupanama.com\/es\/wp-content\/uploads\/2011\/08\/foto-complet-mex-2013.jpg\" alt=\"\" class=\"wp-image-2903\" title=\"foto complet mex-2013\"\/><\/a><\/figure>\n\n\n\n<h2 class=\"wp-block-heading\"><\/h2>\n\n\n\n<h2 class=\"wp-block-heading\"><em>*Es conveniente, para elegir a su &nbsp;terapeuta de Shiatsu, preguntar por su formaci\u00f3n acad\u00e9mica y su experiencia profesional. &nbsp;Tambi\u00e9n debe comprobar sus diplomas o licenciaturas que deben estar expuestas en su Web o su lugar de trabajo.&nbsp;Una sesi\u00f3n de una hora, de un experto titulado en Shiatsu, solo se puede recibir en una camilla muy baja (a la altura de las rodillas) y el coste aproximado para una hora est\u00e1&nbsp;en 60 $. El Shiatsu es un servicio a la salud y a la humanidad. Conf\u00ede en los terapeutas que ofrecen su especialidad profesional en una exclusiva terapia,como profesi\u00f3n, y no en variadas t\u00e8cnicas diversas.<\/em><\/h2>\n\n\n\n<p>* Entidades colaboradoras en Panam\u00e1:<\/p>\n\n\n\n<p>&#8211; Centro de Terapias Orientales en Ciudad de Panam\u00e1:&nbsp;&nbsp;<a href=\"https:\/\/web.archive.org\/web\/20211203091411\/https:\/\/www.centroterapiasorientales.com\/\">https:\/\/www.centroterapiasorientales.com\/<\/a><\/p>\n","protected":false},"excerpt":{"rendered":"<p>1er&nbsp;SEMINARIO INTERNACIONAL DE SHIATSU CIUDAD DE PANAM\u00c1. 15 DE NOVIEMBRE DE 2017. GRACIAS A TODOS LOS ASISTENTES Y AL MAESTRO SHIGERU ONODA POR SU PARTICIPACION E INTERESANTE ENSE\u00d1ANZA. SHIATSU EN PANAM\u00c1 POR LICENCIADOS EN&nbsp;EUROPA&nbsp; &nbsp; &nbsp; Terapia \u2013 Masaje Shiatsu en Chame\/Coronado y Panam\u00e1 \u2013 Tnos.: Pablo: 6559 1479 \u2013 Antonia: 6532 7319 &nbsp;&#8211; &nbsp;En [&hellip;]<\/p>\n","protected":false},"author":1,"featured_media":0,"parent":0,"menu_order":0,"comment_status":"closed","ping_status":"closed","template":"","meta":{"_et_pb_use_builder":"off","_et_pb_old_content":"","_et_gb_content_width":"1080","footnotes":""},"_links":{"self":[{"href":"https:\/\/shiatsupanama.com\/index.php?rest_route=\/wp\/v2\/pages\/82"}],"collection":[{"href":"https:\/\/shiatsupanama.com\/index.php?rest_route=\/wp\/v2\/pages"}],"about":[{"href":"https:\/\/shiatsupanama.com\/index.php?rest_route=\/wp\/v2\/types\/page"}],"author":[{"embeddable":true,"href":"https:\/\/shiatsupanama.com\/index.php?rest_route=\/wp\/v2\/users\/1"}],"replies":[{"embeddable":true,"href":"https:\/\/shiatsupanama.com\/index.php?rest_route=%2Fwp%2Fv2%2Fcomments&post=82"}],"version-history":[{"count":40,"href":"https:\/\/shiatsupanama.com\/index.php?rest_route=\/wp\/v2\/pages\/82\/revisions"}],"predecessor-version":[{"id":495,"href":"https:\/\/shiatsupanama.com\/index.php?rest_route=\/wp\/v2\/pages\/82\/revisions\/495"}],"wp:attachment":[{"href":"https:\/\/shiatsupanama.com\/index.php?rest_route=%2Fwp%2Fv2%2Fmedia&parent=82"}],"curies":[{"name":"wp","href":"https:\/\/api.w.org\/{rel}","templated":true}]}}