{"id":56,"date":"2023-10-19T20:27:43","date_gmt":"2023-10-19T18:27:43","guid":{"rendered":"http:\/\/shiatsupanama.com\/?page_id=56"},"modified":"2025-09-02T03:04:46","modified_gmt":"2025-09-02T01:04:46","slug":"historia-shiatsu","status":"publish","type":"page","link":"https:\/\/shiatsupanama.com\/?page_id=56","title":{"rendered":"Historia del Shiatsu"},"content":{"rendered":"\n<figure class=\"wp-block-image\"><img decoding=\"async\" src=\"https:\/\/web.archive.org\/web\/20211203103409im_\/http:\/\/shiatsupanama.com\/images\/que_creacion_03.jpg\" alt=\"\"\/><\/figure>\n\n\n\n<p>Tokujiro Namikoshi<\/p>\n\n\n\n<p>CREACION E HISTORIA DEL SHIATSU<\/p>\n\n\n\n<p>1. LA TERAPIA SHIATSU ORIGINAL<\/p>\n\n\n\n<p>El camino hacia el Reconocimiento del Shiatsu<\/p>\n\n\n\n<p>1912 El maestro Tokujiro Namikoshi invent\u00f3 el prototipo.<br>1940 Creaci\u00f3n de la Escuela de Shiatsu que luego paso a ser conocida como \u201cColegio Japon\u00e9s de Shiatsu\u201d.<br>1955 El Ministerio de Salud de Jap\u00f3n reconoce oficialmente el Shiatsu, Anma y Masaje en la mima categor\u00eda.<br>1957 El Ministerio de Salud de Jap\u00f3n es demandado para la definici\u00f3n legal del Shiatsu.<br>1964 El Ministerio de Salud de Jap\u00f3n revisa las regulaciones y decide reconocer el Shiatsu, la Terapia de Masaje y Anma como m\u00e9todos terap\u00e9uticos \u00fanicos e independientes.<\/p>\n\n\n\n<figure class=\"wp-block-image\"><img decoding=\"async\" src=\"https:\/\/web.archive.org\/web\/20211203103409im_\/http:\/\/shiatsupanama.com\/images\/que_creacion_01.jpg\" alt=\"\"\/><\/figure>\n\n\n\n<p>Tokujiro Namikoshi, a la derecha, con Shigeru Onoda, su disc\u00edpulo y actual presidente de NSE<\/p>\n\n\n\n<p>Como conclusi\u00f3n, debido a que la Terapia Shiatsu fue desarrollada por el maestro Tokujiro Namikoshi, siendo reconocida a un nivel civil y gubernamental, a \u00e9l se le reconoce como el padre del Shiatsu. Y aunque muchos de sus disc\u00edpulos desarrollaron su propia forma de Shiatsu que se han llegado a conocer por todo el mundo, el Shiatsu original se conoce muchas veces como \u201cShiatsu Namikoshi\u201d para distinguirlo de sus derivados. La historia prueba que el \u201cShiatsu Japon\u00e9s es el Shiatsu Namikoshi\u201d. Shiatsu es Shiatsu.<br>\u2022 Tras su regulaci\u00f3n, el Shiatsu Namikoshi ha servido de base original para la creaci\u00f3n de numerosas variantes, derivados y combinaciones con otras t\u00e9cnicas o filosof\u00edas.<br>\u2022 Sean bienvenida toda creatividad y mejoras que den riqueza al Shiatsu, siempre que se respete su \u00e9tica, origen y el trabajo con el dedo pulgar y la mano: \u201cherramientas\u201d que lo hacen una verdadera ciencia al servicio de la humanidad.<br>\u2022 Debe puntualizarse tambi\u00e9n, que la presi\u00f3n y el contacto con los dedos y manos, coexisten con el ser humano desde su inicio, pero una estructura y filosof\u00eda, como cre\u00f3 Tokujiro Namikoshi Sensei desde su ni\u00f1ez, fue la que dio paso a todo lo que hoy es el Shiatsu en todo el planeta.<\/p>\n\n\n\n<figure class=\"wp-block-image\"><img decoding=\"async\" src=\"https:\/\/web.archive.org\/web\/20211203103409im_\/http:\/\/shiatsupanama.com\/images\/que_creacion_02.jpg\" alt=\"\"\/><\/figure>\n\n\n\n<p>Shigeru Onoda, Presidente de Namikoshi Shiatsu Europa, con<br>Pablo L\u00f3pez y Antonia Le\u00f3n en su despedida para iniciar la apertura de la<br>Escuela Japonesa de Shiatsu de Panam\u00e1<\/p>\n\n\n\n<figure class=\"wp-block-image aligncenter\"><a href=\"https:\/\/web.archive.org\/web\/20211203103409\/http:\/\/shiatsupanama.com\/es\/http:\/\/shiatsupanama.com\/es\/wp-content\/uploads\/2010\/06\/IMG_0080.jpg\"><img decoding=\"async\" src=\"https:\/\/web.archive.org\/web\/20211203103409im_\/http:\/\/shiatsupanama.com\/es\/http:\/\/shiatsupanama.com\/es\/wp-content\/uploads\/2010\/06\/IMG_0080-1024x768.jpg\" alt=\"\" class=\"wp-image-2733\" title=\"IMG_0080\"\/><\/a><\/figure>\n\n\n\n<p>Nota: para una informaci\u00f3n mas completa y exhaustiva de la historia de la evoluci\u00f3n y regulaci\u00f3n del Shiatsu solicitarlo a la escuela nacional m\u00e1s cercana en su continente o naci\u00f3n.<\/p>\n","protected":false},"excerpt":{"rendered":"<p>Tokujiro Namikoshi CREACION E HISTORIA DEL SHIATSU 1. LA TERAPIA SHIATSU ORIGINAL El camino hacia el Reconocimiento del Shiatsu 1912 El maestro Tokujiro Namikoshi invent\u00f3 el prototipo.1940 Creaci\u00f3n de la Escuela de Shiatsu que luego paso a ser conocida como \u201cColegio Japon\u00e9s de Shiatsu\u201d.1955 El Ministerio de Salud de Jap\u00f3n reconoce oficialmente el Shiatsu, Anma [&hellip;]<\/p>\n","protected":false},"author":1,"featured_media":0,"parent":0,"menu_order":0,"comment_status":"closed","ping_status":"closed","template":"","meta":{"_et_pb_use_builder":"off","_et_pb_old_content":"","_et_gb_content_width":"","footnotes":""},"_links":{"self":[{"href":"https:\/\/shiatsupanama.com\/index.php?rest_route=\/wp\/v2\/pages\/56"}],"collection":[{"href":"https:\/\/shiatsupanama.com\/index.php?rest_route=\/wp\/v2\/pages"}],"about":[{"href":"https:\/\/shiatsupanama.com\/index.php?rest_route=\/wp\/v2\/types\/page"}],"author":[{"embeddable":true,"href":"https:\/\/shiatsupanama.com\/index.php?rest_route=\/wp\/v2\/users\/1"}],"replies":[{"embeddable":true,"href":"https:\/\/shiatsupanama.com\/index.php?rest_route=%2Fwp%2Fv2%2Fcomments&post=56"}],"version-history":[{"count":3,"href":"https:\/\/shiatsupanama.com\/index.php?rest_route=\/wp\/v2\/pages\/56\/revisions"}],"predecessor-version":[{"id":486,"href":"https:\/\/shiatsupanama.com\/index.php?rest_route=\/wp\/v2\/pages\/56\/revisions\/486"}],"wp:attachment":[{"href":"https:\/\/shiatsupanama.com\/index.php?rest_route=%2Fwp%2Fv2%2Fmedia&parent=56"}],"curies":[{"name":"wp","href":"https:\/\/api.w.org\/{rel}","templated":true}]}}